rue
Let y = -93 - -100. Let f be ((-42)/y)/(3/(-8)). Suppose f*w - 335 = 11*w. Is w composite?
False
Suppose 9*i - 5*i - 3*k - 74552 = 0, 4*k = 5*i - 93190. Suppose -i = -29*c + 116676. Is c a prime number?
False
Let u = 572 + -569. Let w be (-1 - 1)*(0 + -1). Suppose w*s - 423 = l, -u*s - 3*l = -2*s - 194. Is s a composite number?
True
Is 12271905/18 + (-22)/(-44) a composite number?
False
Let x = 29 - 23. Suppose -3*o + 2*o = -5*p - 22, o + 2*p + x = 0. Is (3/o)/(3/42) prime?
False
Let g be (((-168)/(-70))/((-4)/(-10)))/(-1). Let z be g/(-1*6/27). Suppose -30*q + z*q + 5181 = 0. Is q a composite number?
True
Let f = 252 + -247. Is (5 + (-2 - f))/((-2)/3863) composite?
False
Is 113543 + 2 + (-488)/61 prime?
True
Let a be 6*1/(6 + -7). Is (16 + -17 + 10304/a)*-3 a composite number?
True
Suppose 0 = 4*r - 7*r + 36. Let n be (r/5)/((-11)/(-1100)). Suppose n + 40 = 8*b. Is b a prime number?
False
Let j(m) = 8*m + 83. Let s be j(-9). Suppose 2*o - s*o = -9693. Is o a composite number?
True
Let u(z) = 22*z**3 + z**2 + 13*z + 31. Let k = 323 - 316. Is u(k) composite?
False
Suppose 3*u = 3*p + 96795, 7*p - 5*p + 161334 = 5*u. Suppose -35349 = -9*s + u. Is s composite?
True
Suppose -5*q + 4*p + 404 = 0, -179 = 5*q + p - 578. Suppose 10*v - q = 90. Suppose -3067 = v*a - 18*a. Is a a composite number?
False
Let l(i) = -i**2 + 2*i + 9. Let f be l(4). Suppose 3*q - 8*q = -4*c - f, -3*c = -q - 13. Let s(p) = 2*p**2 + 3*p - 1. Is s(c) prime?
True
Let y(x) = -8192*x - 225. Is y(-5) prime?
False
Let z(s) = -20*s + 31. Let l be z(-7). Is (l/(-18) - 9)*(-20)/2 prime?
False
Let k = -9 + 9. Suppose k = 5*m + 4*y - 10978, -2*m + 4*y = -0*y - 4408. Let a = m + -529. Is a composite?
False
Suppose 3*r - 151617 = -2*o, -2*r + 40*o - 51*o + 101107 = 0. Is r a prime number?
False
Let p(o) = o**3 + 11*o**2 + 3*o + 10. Let g = -388 + 379. Is p(g) prime?
False
Let j be (-27)/(-18)*(2 - 4). Is ((-542)/4)/(j/6) a composite number?
False
Let d(v) = v**3 + 5*v**2 - 4*v - 17. Let q be d(-5). Suppose 3224 + 5713 = q*r. Suppose -2*h + 11*h = r. Is h composite?
False
Let t = 318 - 204. Is 1265958/t - 4/(-38) - 4 a prime number?
False
Let l(h) = h**2 - 9*h - 8. Let y be l(11). Let s be 22586/y - (-3 + 115/35). Suppose 5*j = -25, -2*g = 3*j - s - 5078. Is g prime?
False
Suppose y - 15214 = -3*v + 26075, v = 2*y - 82599. Suppose 3*f = 5*o - 68834, 0 = 3*o + 7*f - 8*f - y. Is o a composite number?
True
Let z be 2/(-18) + 73/9. Suppose 7*r = -2*s + z*r + 26054, 2*s - 4*r - 26054 = 0. Is s prime?
False
Is ((-85)/340)/((-1)/202412) a prime number?
False
Let t(m) = 448*m**3 + 5*m**2 + 6*m + 4. Let z be t(-2). Let c = z + 1523. Is c*3/(-27)*3 a composite number?
False
Suppose 5*p + 6947 = a + 8*p, -2*a + 3*p = -13894. Is a prime?
True
Suppose 3 + 7 = -s. Let t(x) = 8*x**2 - 168*x - 4. Let n be t(21). Is (1 + (-1988)/(-20))/(n/s) prime?
True
Suppose -3*p + 16 + 2 = 3*g, p + 14 = 4*g. Suppose p*y + 0*y = -454. Let x = y + 350. Is x composite?
True
Suppose 181*r - 23466252 - 27104460 = -8729123. Is r a prime number?
True
Let u(b) = 2*b**2 - 17*b + 42. Let l(x) = -x**2 + 17*x - 41. Let y(w) = -3*l(w) - 2*u(w). Let c be y(-19). Is (c - (-1)/(-2))/(13/10426) prime?
True
Suppose -40 = -5*n - 5*a, -5*n + 3*a - 15 + 31 = 0. Suppose -28 = -4*p - 16, 0 = -n*x - 3*p + 11239. Is x prime?
False
Let u = 126 + -127. Let x(c) = -1597*c**3 - 6*c**2 - 4*c + 2. Is x(u) prime?
True
Suppose -5*u - 20 = 0, -133*u + 138*u = 4*o - 2452264. Is o a prime number?
True
Is (-509730696)/(-504) - (-8)/14 a composite number?
False
Let m(g) = 2*g + 6. Let y be m(-3). Suppose y = -0*l + 8*l - 98648. Suppose l = 5*x - 324. Is x a prime number?
True
Suppose -8*t + 3*t + 12135 = 0. Let p = t + -668. Is p composite?
False
Let o = -97 - -159. Suppose 5*l = -t + o, 0*t = -3*t - 3*l + 198. Is t a composite number?
False
Let x(q) = -q**3 - 8*q**2 - 5*q + 12. Let u be x(-5). Let s(o) = -14*o + 145. Is s(u) prime?
True
Suppose v = -w + 9, -w - v + 17 = -2*v. Let i be 54/w + 10/(-65). Suppose 2*u = i*r - 1588, -4*u - 5 = 11. Is r a composite number?
True
Let k = -79 + 89. Suppose 67*d - 62*d = -k. Is (3 + -4)*d*(-654)/(-12) a composite number?
False
Let p = 1007 + 1452. Is p a composite number?
False
Suppose -4*r - 2372 = -4*i, 5*i - 1898 - 1068 = 4*r. Suppose w = 2*l - 4491, 5*w + 1656 = l - i. Suppose 3*f - 460 = -o, -4*f + l = 5*o - 0*o. Is o composite?
True
Let b = 18 - 14. Is ((-232904)/(-70) - b) + 1/(-5) prime?
True
Let x = 104 + -101. Let y be (x + 0)/((-9)/(-144)*8). Suppose -5*b + 4*z + 778 = -8325, y = -3*z. Is b a composite number?
True
Let m = 195 + 2513. Let t = 12427 - m. Is t composite?
False
Let h = 1499903 - 562782. Is h composite?
False
Let p(t) = 199*t**2 + 5*t. Let d be p(-7). Suppose -8*z + d = -5012. Suppose 2*g = -3*i + 4441, i = 2*g + z - 374. Is i composite?
True
Suppose 3167961 = 167*y - 32*y + 721896. Is y prime?
True
Suppose 4*r - 5*l - 22 = 5*r, r = 4*l - 4. Let f be (2 - -833) + r/(-3). Suppose 3*k - 1315 = 5*t - 119, -2*k = 5*t - f. Is k a composite number?
True
Let b = 459 + -473. Is (-8)/b - (-670692)/(-84)*-1 prime?
False
Let k be ((-23)/((-69)/42))/(-2 + 4). Suppose 2051 = k*f - 19250. Is f prime?
False
Suppose -3567854 = -4*v - 2*l, 14*v - 11*v - 2675859 = -6*l. Is v a prime number?
True
Suppose -3*r - b - 11627 = 0, -9160 - 2479 = 3*r - 2*b. Let m = r + 8706. Is m a prime number?
False
Let b(z) = 14*z**2 - 217*z + 297. Is b(-44) prime?
False
Let j be 4 - (-17 - 4) - 1. Suppose -j*z + 22*z = -466. Suppose 0 = u - 198 - z. Is u a prime number?
True
Let d = 5442 + -1936. Suppose -s - 2*y + 703 = 0, 0 = -8*s + 3*s - y + d. Is s a prime number?
True
Let n = -66 + 65. Let x(r) = -3*r - 2. Let t be x(n). Is t/(4/1588 - 0) composite?
False
Let t(w) = 7*w**3 - 2*w**2 + 6*w + 6. Let u be 4/(-6) - 20/(-3). Let v be t(u). Suppose q + 4*z - 479 = 0, -3*q - z = 2*z - v. Is q a prime number?
True
Let j(h) be the second derivative of 163*h**4/12 + h**3/6 + 4*h**2 + 46*h. Let c be j(4). Suppose 0 = q + f - 514, q + 4*q - c = 5*f. Is q a prime number?
False
Let u(q) = 25*q**3 + 21*q**2 - 45*q + 245. Is u(26) composite?
False
Let i(k) = -k**3 - 8*k**2 + 2*k + 24. Let s be i(-7). Is 1963/2 - s/78 a composite number?
True
Suppose 0 = -t - 3*v + 79680, v - 255076 = -9*t + 462070. Is t composite?
True
Is -7 - (-7)/(2/10*200/266160) a composite number?
True
Let b(s) = -15*s**2 + 2*s - 9. Let x be b(16). Let i = x + 6158. Suppose 5*j - 2*j - 3477 = 4*o, i = 2*j + 5*o. Is j a prime number?
True
Suppose -8*r = -16*r + 264. Suppose 32*t = r*t - 997. Is t prime?
True
Let v = 79535 + -48362. Is v a prime number?
False
Let j = -3010 + 4322. Let i = 3471 + j. Is i a composite number?
False
Suppose 10*m = 223 - 1573. Is ((-894)/4)/(m/450) a prime number?
False
Let x = -2134 + 21795. Is x composite?
False
Suppose -89718 + 132663 = -110*y + 792815. Is y composite?
True
Let v = -27 + 25. Let s be v + (3 - 2)/((-4)/(-20)). Suppose -3*x + 4*o = -2651, -s*x + 2*o - 4453 = -8*x. Is x a prime number?
False
Let w = -189 - -188. Is (6805/(0 - 5))/w composite?
False
Suppose -5*k + 4325465 = 5*o, 2*k + 9*o - 10*o = 1730168. Is k prime?
True
Let n(l) = -3*l**2 - 58*l - 18. Let p be n(-14). Suppose 7*a - p - 1537 = 0. Is a a composite number?
True
Suppose 16*w - 18*w + 21654 = 4*d, 2*w - d - 21644 = 0. Is w composite?
True
Let k(v) = 5*v**2 + 5 - 15*v + 31*v**3 - 2*v**2 - 2*v**2 - 3*v - 3*v**2. Is k(6) prime?
True
Let i(u) = -4*u**3 - u - 3. Let a be i(2). Let j = 41 + a. Suppose -6*r + j*c + 661 = -5*r, -r = 2*c - 643. Is r prime?
False
Let u(m) = -481*m**2 + 23*m + 35. Let j be u(-5). Is (j/(-6) + 7)*2 a prime number?
True
Let v(t) = 83*t**2 - 24*t - 5. Let b be v(-8). Is -4 + b + -2 + 8 a prime number?
True
Is (-88)/(-4 + -7) - -1*1254 composite?
True
Suppose -5*w - 4*c = -2141697, 0 = 3*w + 4*c - 880424 - 404607. Is w a prime number?
False
Suppose -2*v - 34 = -19*v. Suppose 5*b + 1354 = 2*p + b, -v*p - 5*b + 1381 = 0. Is p a prime number?
True
Suppose -7951912 - 60639078 = -130*g. Is g a composite number?
False
Let w be (-2574)/(-110) - (-2)/(-5). Suppose -w = -5*q + 7. Suppose q*d = 3*d + 1266. Is d a composite number?
True
Suppose 45*d + 43*d = 77*d + 79673. Is d prime?
True
Let l = 31364 + -2247. Is l a composite number?
True
Let d